{"id":473,"date":"2015-11-29T21:29:49","date_gmt":"2015-11-29T20:29:49","guid":{"rendered":"http:\/\/ffw-bockhorn.de\/?page_id=473"},"modified":"2015-12-14T21:46:27","modified_gmt":"2015-12-14T20:46:27","slug":"einsaetze-2014-neu","status":"publish","type":"page","link":"https:\/\/ffw-bockhorn.de\/?page_id=473","title":{"rendered":"Eins\u00e4tze 2014"},"content":{"rendered":"\n<table id=\"tablepress-2\" class=\"tablepress tablepress-id-2\">\n<thead>\n<tr class=\"row-1\">\n\t<th class=\"column-1\">Nr.<\/th><th class=\"column-2\">Datum<\/th><th class=\"column-3\">Einsatzbeschreibung<\/th><th class=\"column-4\">Einsatzort<\/th><th class=\"column-5\">Einsatzbericht<\/th>\n<\/tr>\n<\/thead>\n<tbody class=\"row-striping row-hover\">\n<tr class=\"row-2\">\n\t<td class=\"column-1\">20<\/td><td class=\"column-2\">19.11.2014<\/td><td class=\"column-3\">Verkehrsunfall mit mehreren LKW<\/td><td class=\"column-4\">Lengdorf<\/td><td class=\"column-5\"><\/td>\n<\/tr>\n<tr class=\"row-3\">\n\t<td class=\"column-1\">19<\/td><td class=\"column-2\">21.10.2014<\/td><td class=\"column-3\">Baum \u00fcber Fahrbahn<\/td><td class=\"column-4\">Ferteln<\/td><td class=\"column-5\"><\/td>\n<\/tr>\n<tr class=\"row-4\">\n\t<td class=\"column-1\">18<\/td><td class=\"column-2\">10.10.2014<\/td><td class=\"column-3\">Verkehrsunfall<\/td><td class=\"column-4\">B388, Kreuth\u00e4usl<\/td><td class=\"column-5\"><a href=\"http:\/\/www.merkur.de\/lokales\/erding\/landkreis\/388-motorrad-kracht-4098799.html\" target=\"_blank\">Merkur<\/a><\/td>\n<\/tr>\n<tr class=\"row-5\">\n\t<td class=\"column-1\">17<\/td><td class=\"column-2\">29.09.2014<\/td><td class=\"column-3\">\u00d6lspur<\/td><td class=\"column-4\">Hecken<\/td><td class=\"column-5\"><\/td>\n<\/tr>\n<tr class=\"row-6\">\n\t<td class=\"column-1\">16<\/td><td class=\"column-2\">21.08.2014<\/td><td class=\"column-3\">Brandmeldeanlage<\/td><td class=\"column-4\">Unterstrogn<\/td><td class=\"column-5\"><\/td>\n<\/tr>\n<tr class=\"row-7\">\n\t<td class=\"column-1\">15<\/td><td class=\"column-2\">09.08.2014<\/td><td class=\"column-3\">Brand-Nachschau<\/td><td class=\"column-4\">Unterstrogn<\/td><td class=\"column-5\"><\/td>\n<\/tr>\n<tr class=\"row-8\">\n\t<td class=\"column-1\">14<\/td><td class=\"column-2\">08.08.2014<\/td><td class=\"column-3\">Brand Lagerhaus<\/td><td class=\"column-4\">Unterstrogn<\/td><td class=\"column-5\"><a href=\"http:\/\/www.merkur.de\/lokales\/erding\/landkreis\/grossalarm-mitten-nacht-feuer-baywa-lagerhaus-3767980.html\" target=\"_blank\">Merkur 1<\/a><br \/>\n<a href=\"http:\/\/www.merkur.de\/lokales\/erding\/landkreis\/braende-unfaelle-einsaetze-landkreis-erding-3768623.html\" target=\"_blank\">Merkur 2<\/a><\/td>\n<\/tr>\n<tr class=\"row-9\">\n\t<td class=\"column-1\">13<\/td><td class=\"column-2\">19.07.2014<\/td><td class=\"column-3\">Brand Feld und Maschine<\/td><td class=\"column-4\">Neumauggen<\/td><td class=\"column-5\"><a href=\"http:\/\/www.merkur.de\/lokales\/erding\/bockhorn\/feurige-feldarbeit-3715367.html\" target=\"_blank\">Merkur<\/a><\/td>\n<\/tr>\n<tr class=\"row-10\">\n\t<td class=\"column-1\">12<\/td><td class=\"column-2\">28.06.2014<\/td><td class=\"column-3\">Verkehrsunfall<\/td><td class=\"column-4\">Hecken<\/td><td class=\"column-5\"><\/td>\n<\/tr>\n<tr class=\"row-11\">\n\t<td class=\"column-1\">11<\/td><td class=\"column-2\">22.06.2014<\/td><td class=\"column-3\">Brand in Werkstatt<\/td><td class=\"column-4\">Grucking<\/td><td class=\"column-5\"><\/td>\n<\/tr>\n<tr class=\"row-12\">\n\t<td class=\"column-1\">10<\/td><td class=\"column-2\">17.06.2014<\/td><td class=\"column-3\">Verkehrsunfall<\/td><td class=\"column-4\">B388, Kreuth\u00e4usl<\/td><td class=\"column-5\"><a href=\"http:\/\/www.merkur.de\/lokales\/erding\/taufkirchen\/zwei-schwerverletzte-nach-frontalzusammenstoss-bundesstrasse-3662178.html\" target=\"_blank\">Merkur<\/a><br \/>\n<a href=\"https:\/\/youtu.be\/qn7Hxb1nLzc\" target=\"_blank\">Video<\/a><\/td>\n<\/tr>\n<tr class=\"row-13\">\n\t<td class=\"column-1\">9<\/td><td class=\"column-2\">14.06.2014<\/td><td class=\"column-3\">Verkehrsunfall<\/td><td class=\"column-4\">Fraunberg<\/td><td class=\"column-5\"><\/td>\n<\/tr>\n<tr class=\"row-14\">\n\t<td class=\"column-1\">8<\/td><td class=\"column-2\">26.05.2014<\/td><td class=\"column-3\">Unwetter<\/td><td class=\"column-4\">Grucking<\/td><td class=\"column-5\"><\/td>\n<\/tr>\n<tr class=\"row-15\">\n\t<td class=\"column-1\">6<\/td><td class=\"column-2\">18.03.2014<\/td><td class=\"column-3\">Verkehrsunfall<\/td><td class=\"column-4\">Untertrogn<\/td><td class=\"column-5\"><a href=\"http:\/\/www.merkur.de\/lokales\/erding\/landkreis\/zwei-autos-krachen-unterstrogn-ineinander-b388-gesperrt-3423904.html\" target=\"_blank\">Merkur<\/a><br \/>\n<a href=\"https:\/\/youtu.be\/ecxU2LOT6x0\" target=\"_blank\">Video<\/a><\/td>\n<\/tr>\n<tr class=\"row-16\">\n\t<td class=\"column-1\">5<\/td><td class=\"column-2\">04.03.2014<\/td><td class=\"column-3\">Hubschrauberlandeplatz ausleuchten<\/td><td class=\"column-4\">Riedersheim<\/td><td class=\"column-5\"><\/td>\n<\/tr>\n<tr class=\"row-17\">\n\t<td class=\"column-1\">4<\/td><td class=\"column-2\">22.02.2014<\/td><td class=\"column-3\">\u00d6lspur<\/td><td class=\"column-4\">Emling<\/td><td class=\"column-5\"><\/td>\n<\/tr>\n<tr class=\"row-18\">\n\t<td class=\"column-1\">3<\/td><td class=\"column-2\">07.02.2014<\/td><td class=\"column-3\">\u00d6lspur<\/td><td class=\"column-4\">Unterstrogn<\/td><td class=\"column-5\"><\/td>\n<\/tr>\n<tr class=\"row-19\">\n\t<td class=\"column-1\">2<\/td><td class=\"column-2\">06.02.2014<\/td><td class=\"column-3\">Verkehrsunfall<\/td><td class=\"column-4\">Lengdorf<\/td><td class=\"column-5\"><\/td>\n<\/tr>\n<tr class=\"row-20\">\n\t<td class=\"column-1\">1<\/td><td class=\"column-2\">24.01.2014<\/td><td class=\"column-3\">Verkehrsunfall<\/td><td class=\"column-4\">Hecken<\/td><td class=\"column-5\"><a href=\"http:\/\/www.merkur.de\/lokales\/erding\/erding\/autofahrer-stirbt-unfall-3330261.html\" target=\"_blank\">Merkur<\/a><\/td>\n<\/tr>\n<\/tbody>\n<\/table>\n<!-- #tablepress-2 from cache -->\n","protected":false},"excerpt":{"rendered":"","protected":false},"author":1,"featured_media":0,"parent":0,"menu_order":0,"comment_status":"closed","ping_status":"closed","template":"","meta":{"jetpack_post_was_ever_published":false,"footnotes":""},"class_list":["post-473","page","type-page","status-publish","hentry"],"jetpack_sharing_enabled":true,"jetpack_shortlink":"https:\/\/wp.me\/P6T4yF-7D","jetpack-related-posts":[{"id":3073,"url":"https:\/\/ffw-bockhorn.de\/?page_id=3073","url_meta":{"origin":473,"position":0},"title":"Eins\u00e4tze","author":"FFW Bockhorn","date":"9. Februar 2019","format":false,"excerpt":"","rel":"","context":"\u00c4hnlicher Beitrag","block_context":{"text":"\u00c4hnlicher Beitrag","link":""},"img":{"alt_text":"","src":"https:\/\/i0.wp.com\/ffw-bockhorn.de\/wp-content\/uploads\/2019\/02\/IMG_20181020_154455.jpg?resize=350%2C200&ssl=1","width":350,"height":200,"srcset":"https:\/\/i0.wp.com\/ffw-bockhorn.de\/wp-content\/uploads\/2019\/02\/IMG_20181020_154455.jpg?resize=350%2C200&ssl=1 1x, https:\/\/i0.wp.com\/ffw-bockhorn.de\/wp-content\/uploads\/2019\/02\/IMG_20181020_154455.jpg?resize=525%2C300&ssl=1 1.5x, https:\/\/i0.wp.com\/ffw-bockhorn.de\/wp-content\/uploads\/2019\/02\/IMG_20181020_154455.jpg?resize=700%2C400&ssl=1 2x, https:\/\/i0.wp.com\/ffw-bockhorn.de\/wp-content\/uploads\/2019\/02\/IMG_20181020_154455.jpg?resize=1050%2C600&ssl=1 3x, https:\/\/i0.wp.com\/ffw-bockhorn.de\/wp-content\/uploads\/2019\/02\/IMG_20181020_154455.jpg?resize=1400%2C800&ssl=1 4x"},"classes":[]},{"id":263,"url":"https:\/\/ffw-bockhorn.de\/?page_id=263","url_meta":{"origin":473,"position":1},"title":"Eins\u00e4tze 2012","author":"FFW Bockhorn","date":"5. November 2015","format":false,"excerpt":"","rel":"","context":"\u00c4hnlicher Beitrag","block_context":{"text":"\u00c4hnlicher Beitrag","link":""},"img":{"alt_text":"","src":"","width":0,"height":0},"classes":[]},{"id":477,"url":"https:\/\/ffw-bockhorn.de\/?page_id=477","url_meta":{"origin":473,"position":2},"title":"Eins\u00e4tze 2011","author":"FFW Bockhorn","date":"29. November 2015","format":false,"excerpt":"","rel":"","context":"\u00c4hnlicher Beitrag","block_context":{"text":"\u00c4hnlicher Beitrag","link":""},"img":{"alt_text":"","src":"","width":0,"height":0},"classes":[]},{"id":479,"url":"https:\/\/ffw-bockhorn.de\/?page_id=479","url_meta":{"origin":473,"position":3},"title":"Eins\u00e4tze 2013","author":"FFW Bockhorn","date":"29. November 2015","format":false,"excerpt":"","rel":"","context":"\u00c4hnlicher Beitrag","block_context":{"text":"\u00c4hnlicher Beitrag","link":""},"img":{"alt_text":"","src":"","width":0,"height":0},"classes":[]},{"id":4293,"url":"https:\/\/ffw-bockhorn.de\/?page_id=4293","url_meta":{"origin":473,"position":4},"title":"Eins\u00e4tze 2023","author":"FFW Bockhorn","date":"22. Januar 2023","format":false,"excerpt":"","rel":"","context":"\u00c4hnlicher Beitrag","block_context":{"text":"\u00c4hnlicher Beitrag","link":""},"img":{"alt_text":"","src":"","width":0,"height":0},"classes":[]},{"id":2228,"url":"https:\/\/ffw-bockhorn.de\/?page_id=2228","url_meta":{"origin":473,"position":5},"title":"Eins\u00e4tze 2018","author":"FFW Bockhorn","date":"4. Januar 2018","format":false,"excerpt":"","rel":"","context":"\u00c4hnlicher Beitrag","block_context":{"text":"\u00c4hnlicher Beitrag","link":""},"img":{"alt_text":"","src":"https:\/\/i0.wp.com\/ffw-bockhorn.de\/wp-content\/uploads\/2016\/10\/Webbanner_155x55_Handy.jpg?resize=350%2C200","width":350,"height":200,"srcset":"https:\/\/i0.wp.com\/ffw-bockhorn.de\/wp-content\/uploads\/2016\/10\/Webbanner_155x55_Handy.jpg?resize=350%2C200 1x, https:\/\/i0.wp.com\/ffw-bockhorn.de\/wp-content\/uploads\/2016\/10\/Webbanner_155x55_Handy.jpg?resize=525%2C300 1.5x"},"classes":[]}],"_links":{"self":[{"href":"https:\/\/ffw-bockhorn.de\/index.php?rest_route=\/wp\/v2\/pages\/473","targetHints":{"allow":["GET"]}}],"collection":[{"href":"https:\/\/ffw-bockhorn.de\/index.php?rest_route=\/wp\/v2\/pages"}],"about":[{"href":"https:\/\/ffw-bockhorn.de\/index.php?rest_route=\/wp\/v2\/types\/page"}],"author":[{"embeddable":true,"href":"https:\/\/ffw-bockhorn.de\/index.php?rest_route=\/wp\/v2\/users\/1"}],"replies":[{"embeddable":true,"href":"https:\/\/ffw-bockhorn.de\/index.php?rest_route=%2Fwp%2Fv2%2Fcomments&post=473"}],"version-history":[{"count":2,"href":"https:\/\/ffw-bockhorn.de\/index.php?rest_route=\/wp\/v2\/pages\/473\/revisions"}],"predecessor-version":[{"id":615,"href":"https:\/\/ffw-bockhorn.de\/index.php?rest_route=\/wp\/v2\/pages\/473\/revisions\/615"}],"wp:attachment":[{"href":"https:\/\/ffw-bockhorn.de\/index.php?rest_route=%2Fwp%2Fv2%2Fmedia&parent=473"}],"curies":[{"name":"wp","href":"https:\/\/api.w.org\/{rel}","templated":true}]}}