{"id":52,"date":"2015-10-27T22:08:56","date_gmt":"2015-10-27T21:08:56","guid":{"rendered":"http:\/\/ffw-bockhorn.de\/?page_id=52"},"modified":"2017-11-09T12:12:05","modified_gmt":"2017-11-09T11:12:05","slug":"dekon-anhaenger","status":"publish","type":"page","link":"https:\/\/ffw-bockhorn.de\/?page_id=52","title":{"rendered":"Dekon-E Anh\u00e4nger (a.D.)"},"content":{"rendered":"<p><img data-recalc-dims=\"1\" loading=\"lazy\" decoding=\"async\" data-attachment-id=\"204\" data-permalink=\"https:\/\/ffw-bockhorn.de\/?attachment_id=204\" data-orig-file=\"https:\/\/i0.wp.com\/ffw-bockhorn.de\/wp-content\/uploads\/2015\/11\/Dekon.jpg?fit=1028%2C671&amp;ssl=1\" data-orig-size=\"1028,671\" data-comments-opened=\"1\" data-image-meta=\"{&quot;aperture&quot;:&quot;0&quot;,&quot;credit&quot;:&quot;&quot;,&quot;camera&quot;:&quot;&quot;,&quot;caption&quot;:&quot;&quot;,&quot;created_timestamp&quot;:&quot;0&quot;,&quot;copyright&quot;:&quot;&quot;,&quot;focal_length&quot;:&quot;0&quot;,&quot;iso&quot;:&quot;0&quot;,&quot;shutter_speed&quot;:&quot;0&quot;,&quot;title&quot;:&quot;&quot;,&quot;orientation&quot;:&quot;1&quot;}\" data-image-title=\"Dekon\" data-image-description=\"\" data-image-caption=\"\" data-large-file=\"https:\/\/i0.wp.com\/ffw-bockhorn.de\/wp-content\/uploads\/2015\/11\/Dekon.jpg?fit=840%2C548&amp;ssl=1\" class=\"aligncenter size-full wp-image-204\" src=\"https:\/\/i0.wp.com\/ffw-bockhorn.de\/wp-content\/uploads\/2015\/11\/Dekon.jpg?resize=840%2C548&#038;ssl=1\" alt=\"Dekon\" width=\"840\" height=\"548\" srcset=\"https:\/\/i0.wp.com\/ffw-bockhorn.de\/wp-content\/uploads\/2015\/11\/Dekon.jpg?w=1028&amp;ssl=1 1028w, https:\/\/i0.wp.com\/ffw-bockhorn.de\/wp-content\/uploads\/2015\/11\/Dekon.jpg?resize=300%2C196&amp;ssl=1 300w, https:\/\/i0.wp.com\/ffw-bockhorn.de\/wp-content\/uploads\/2015\/11\/Dekon.jpg?resize=1024%2C668&amp;ssl=1 1024w\" sizes=\"auto, (max-width: 840px) 100vw, 840px\" \/><\/p>\n<p><strong>Im Jahr 2003 fand der Dekon-Anh\u00e4nger seinen Platz in Bockhorn, da von der damaligen Kreisbrandinspektion Bockhorn als Mittelpunkt des Lankreises Erding ermittelt wurde. Der Anh\u00e4nger ist ein &#8222;Landkreis-Fahrzeug&#8220;.<\/strong><\/p>\n<p><strong>Im August 2017 wurde der Anh\u00e4ngers durch das neue Bundes-Fahrzeug, den <a href=\"https:\/\/ffw-bockhorn.de\/?page_id=2122\">Dekon-P<\/a>, abgel\u00f6st. <\/strong><\/p>\n<p><strong>\u00a0<\/strong><\/p>\n<h3><strong><span style=\"text-decoration: underline;\">Besondere Ausstattung \/ Beladung:<\/span><\/strong><\/h3>\n<ul>\n<li>DEKON-Zelt<\/li>\n<li>PE-Folie f\u00fcr DEKON-Platz (Grundfl\u00e4che 20&#215;6 Meter) (Leiterwanne5x6 Meter)<\/li>\n<li>Antirutschmatten<\/li>\n<li>Verteiler (1xC auf 4xGEKA)<\/li>\n<li>3 Schlauchleitungen (f\u00fcr Zelt, B\u00fcrste und Strahlrohr)<\/li>\n<li>6 Dekontaminationsanz\u00fcge Kappler CPF 2<\/li>\n<li>6 Paar Neoprenhandschuhe<\/li>\n<li>6 Paar Handschuhadapter<\/li>\n<li>Pressluftflasche + F\u00fcllschlauch<\/li>\n<li>4 Atemschutzmasken N<\/li>\n<li>4 Atemfilter ABEK Hg P3<\/li>\n<li>5 Partikelfilter P3<\/li>\n<li>5 Stauschutzmasken<\/li>\n<li>10 Adapter f\u00fcr \u00dcberdruckmaske<\/li>\n<li>4 Infektionssets \u201eVollschutz&#8220;<\/li>\n<li>1 \u00dcbungsset<\/li>\n<li>4 Infektionsanz\u00fcge Nufab<\/li>\n<li>4 Paar Handschuhe Neopren<\/li>\n<li>Nitril Handschuhe und\u00a0 Klebeband<\/li>\n<li>Papier- und Einmalhandt\u00fccher, Haushaltshandschuhe, Sp\u00fclmittel<\/li>\n<li>4 Paar Sicherheitsgummistiefel<\/li>\n<li>Megaphone<\/li>\n<li>3&#215;6 Liter Desinfektionsmittel<\/li>\n<li>5 Gummiwannen<\/li>\n<li>Absperrmaterial<\/li>\n<li>14 Verkehrsleitkegel<\/li>\n<li>Tauchpumpe<\/li>\n<li>Diverse M\u00fclls\u00e4cke (z.B. Normale, f\u00fcr CSA, etc.)<\/li>\n<li>Probesortiment (Spachteln, messer, Prober\u00f6hrchen,\u2026)<\/li>\n<li>Gefahrgutaufkleber, Best\u00e4ndigkeitslisten<\/li>\n<\/ul>\n<p>&nbsp;<\/p>\n<h4 style=\"text-align: center;\"><span style=\"text-decoration: underline; color: #0000ff;\"><a style=\"color: #0000ff; text-decoration: underline;\" href=\"https:\/\/ffw-bockhorn.de\/?page_id=65\">Zur\u00fcck zu &#8222;Fahrzeuge&#8220;<\/a><\/span><\/h4>\n","protected":false},"excerpt":{"rendered":"<p>Im Jahr 2003 fand der Dekon-Anh\u00e4nger seinen Platz in Bockhorn, da von der damaligen Kreisbrandinspektion Bockhorn als Mittelpunkt des Lankreises Erding ermittelt wurde. Der Anh\u00e4nger ist ein &#8222;Landkreis-Fahrzeug&#8220;. Im August<\/p>\n","protected":false},"author":1,"featured_media":0,"parent":0,"menu_order":0,"comment_status":"closed","ping_status":"closed","template":"","meta":{"jetpack_post_was_ever_published":false,"footnotes":""},"class_list":["post-52","page","type-page","status-publish","hentry"],"jetpack_sharing_enabled":true,"jetpack_shortlink":"https:\/\/wp.me\/P6T4yF-Q","jetpack-related-posts":[{"id":2122,"url":"https:\/\/ffw-bockhorn.de\/?page_id=2122","url_meta":{"origin":52,"position":0},"title":"GW Dekon-P","author":"FFW Bockhorn","date":"4. Juni 2017","format":false,"excerpt":"Funkrufname: Florian Bockhorn 67\/1 Im April 2017 wurde der Dekon-P als eines der letzten Fahrzeuge f\u00fcr Bayern, an den Landkreis Erding \u00fcbergeben. Das Fahrzeug des Bundes ersetzt damit den Dekon-E-Anh\u00e4nger des Landkreises Erding. Wie auch schon der Dekon-E, ist der Dekon-P bei der Feuerwehr Bockhorn untergestellt und wird durch alle\u2026","rel":"","context":"\u00c4hnlicher Beitrag","block_context":{"text":"\u00c4hnlicher Beitrag","link":""},"img":{"alt_text":"","src":"https:\/\/i0.wp.com\/ffw-bockhorn.de\/wp-content\/uploads\/2017\/06\/Dekon-P.jpg?resize=350%2C200","width":350,"height":200,"srcset":"https:\/\/i0.wp.com\/ffw-bockhorn.de\/wp-content\/uploads\/2017\/06\/Dekon-P.jpg?resize=350%2C200 1x, https:\/\/i0.wp.com\/ffw-bockhorn.de\/wp-content\/uploads\/2017\/06\/Dekon-P.jpg?resize=525%2C300 1.5x, https:\/\/i0.wp.com\/ffw-bockhorn.de\/wp-content\/uploads\/2017\/06\/Dekon-P.jpg?resize=700%2C400 2x, https:\/\/i0.wp.com\/ffw-bockhorn.de\/wp-content\/uploads\/2017\/06\/Dekon-P.jpg?resize=1050%2C600 3x"},"classes":[]},{"id":65,"url":"https:\/\/ffw-bockhorn.de\/?page_id=65","url_meta":{"origin":52,"position":1},"title":"Fahrzeuge","author":"FFW Bockhorn","date":"27. Oktober 2015","format":false,"excerpt":"HLF 20 GW Dekon-P Mannschaftsbus LF 8\/6 (a.D.) Dekon-E Anh\u00e4nger (a.D.) Drehleiter (a.D.)","rel":"","context":"\u00c4hnlicher Beitrag","block_context":{"text":"\u00c4hnlicher Beitrag","link":""},"img":{"alt_text":"florian_transparent","src":"https:\/\/i0.wp.com\/ffw-bockhorn.de\/wp-content\/uploads\/2015\/11\/florian_transparent-185x300.jpg?resize=350%2C200","width":350,"height":200},"classes":[]},{"id":43,"url":"https:\/\/ffw-bockhorn.de\/?page_id=43","url_meta":{"origin":52,"position":2},"title":"Chronik der Feuerwehr","author":"FFW Bockhorn","date":"27. Oktober 2015","format":false,"excerpt":"Die Geschichte der Feuerwehr Bockhorn ist bis 1875 zur\u00fcckzuverfolgen. Im Jahre 1873\u00a0wurde durch das Kgl. Bezirksamt Erding die Errichtung einer Pflichtfeuerwehr angeordnet.\u00a0Zum Feuerl\u00f6schbezirk Bockhorn geh\u00f6rten Gr\u00fcnbach, Salmannskirchen und Eschlbach, die\u00a0zur gegenseitigen Hilfe verpflichtet waren. Herangezogen wurden alle m\u00e4nnlichen\u00a0Ortsbewohner zwischen dem 18. und 50. Lebensjahr. Die Mannschaften bestanden aus\u00a0Steigern, Spritzenm\u00e4nnern und\u2026","rel":"","context":"\u00c4hnlicher Beitrag","block_context":{"text":"\u00c4hnlicher Beitrag","link":""},"img":{"alt_text":"","src":"https:\/\/i0.wp.com\/ffw-bockhorn.de\/wp-content\/uploads\/2016\/01\/Chronik_FFW_2-1024x717.jpg?resize=350%2C200","width":350,"height":200,"srcset":"https:\/\/i0.wp.com\/ffw-bockhorn.de\/wp-content\/uploads\/2016\/01\/Chronik_FFW_2-1024x717.jpg?resize=350%2C200 1x, https:\/\/i0.wp.com\/ffw-bockhorn.de\/wp-content\/uploads\/2016\/01\/Chronik_FFW_2-1024x717.jpg?resize=525%2C300 1.5x, https:\/\/i0.wp.com\/ffw-bockhorn.de\/wp-content\/uploads\/2016\/01\/Chronik_FFW_2-1024x717.jpg?resize=700%2C400 2x"},"classes":[]},{"id":55,"url":"https:\/\/ffw-bockhorn.de\/?page_id=55","url_meta":{"origin":52,"position":3},"title":"Drehleiter (a.D.)","author":"FFW Bockhorn","date":"27. Oktober 2015","format":false,"excerpt":"\u00a0 Dieses Fahrzeug wurde im Jahr 2002 kurz vor der Fahnenweihe der Feuerwehr Bockhorn angeschafft. Die Ausstattung war jedoch bereits bei Anschaffung \u00fcberholt. Die Mannschaft klagte \u00fcber mangelnden Platz im Fahrzeug sowohl f\u00fcr Personal als auch f\u00fcr die Ger\u00e4tschaften. Der niedrige Spritverbrauch w\u00fcrde zwar noch heute seines Gleichen suchen. Jedoch\u2026","rel":"","context":"\u00c4hnlicher Beitrag","block_context":{"text":"\u00c4hnlicher Beitrag","link":""},"img":{"alt_text":"","src":"https:\/\/i0.wp.com\/ffw-bockhorn.de\/wp-content\/uploads\/2016\/01\/Chronik_FFW_13.jpg?resize=350%2C200","width":350,"height":200,"srcset":"https:\/\/i0.wp.com\/ffw-bockhorn.de\/wp-content\/uploads\/2016\/01\/Chronik_FFW_13.jpg?resize=350%2C200 1x, https:\/\/i0.wp.com\/ffw-bockhorn.de\/wp-content\/uploads\/2016\/01\/Chronik_FFW_13.jpg?resize=525%2C300 1.5x, https:\/\/i0.wp.com\/ffw-bockhorn.de\/wp-content\/uploads\/2016\/01\/Chronik_FFW_13.jpg?resize=700%2C400 2x, https:\/\/i0.wp.com\/ffw-bockhorn.de\/wp-content\/uploads\/2016\/01\/Chronik_FFW_13.jpg?resize=1050%2C600 3x, https:\/\/i0.wp.com\/ffw-bockhorn.de\/wp-content\/uploads\/2016\/01\/Chronik_FFW_13.jpg?resize=1400%2C800 4x"},"classes":[]},{"id":74,"url":"https:\/\/ffw-bockhorn.de\/?page_id=74","url_meta":{"origin":52,"position":4},"title":"LF 8\/6 (a.D.)","author":"FFW Bockhorn","date":"27. Oktober 2015","format":false,"excerpt":"Funkrufname: Florian Bockhorn 42\/1 Das L\u00f6schgruppenfahrzeug LF 8\/6 wurde 1992 als Ersatz f\u00fcr den damaligen Opel Blitz angeschafft. Das bis dahin bestehende Fahrzeug war 35 Jahre im Einsatz und war den damaligen Anforderungen nicht mehr gerecht. \u00a0 Technische Daten: \u00a0 Besondere Ausstattung \/ Beladung: Feuerl\u00f6schkreiselpumpe ( F\u00f6rderleistung: 800 l\/min bei\u2026","rel":"","context":"\u00c4hnlicher Beitrag","block_context":{"text":"\u00c4hnlicher Beitrag","link":""},"img":{"alt_text":"42","src":"https:\/\/i0.wp.com\/ffw-bockhorn.de\/wp-content\/uploads\/2015\/11\/42.jpg?resize=350%2C200","width":350,"height":200,"srcset":"https:\/\/i0.wp.com\/ffw-bockhorn.de\/wp-content\/uploads\/2015\/11\/42.jpg?resize=350%2C200 1x, https:\/\/i0.wp.com\/ffw-bockhorn.de\/wp-content\/uploads\/2015\/11\/42.jpg?resize=525%2C300 1.5x, https:\/\/i0.wp.com\/ffw-bockhorn.de\/wp-content\/uploads\/2015\/11\/42.jpg?resize=700%2C400 2x"},"classes":[]},{"id":71,"url":"https:\/\/ffw-bockhorn.de\/?page_id=71","url_meta":{"origin":52,"position":5},"title":"Mannschaftsbus","author":"FFW Bockhorn","date":"27. Oktober 2015","format":false,"excerpt":"Funkrufname: Florian Bockhorn 11\/1 Der Mannschaftsbus wurde 2003 als Neubeschaffung in den Dienst der Feuerwehr Bockhorn gestellt.\u00a0 Der Bus war zu diesem Zeitpunkt bereits ein Gebrauchtfahrzeug und wurde in ca. 300 Std. Eigenleistung komplett zerlegt, abgeschliffen, lackiert und wieder neu aufgebaut. Fahrzeug auf www.BOS-Fahrzeuge.info Technische Daten: Besondere Ausstattung \/ Beladung:\u2026","rel":"","context":"\u00c4hnlicher Beitrag","block_context":{"text":"\u00c4hnlicher Beitrag","link":""},"img":{"alt_text":"11","src":"https:\/\/i0.wp.com\/ffw-bockhorn.de\/wp-content\/uploads\/2015\/11\/11.jpg?resize=350%2C200","width":350,"height":200,"srcset":"https:\/\/i0.wp.com\/ffw-bockhorn.de\/wp-content\/uploads\/2015\/11\/11.jpg?resize=350%2C200 1x, https:\/\/i0.wp.com\/ffw-bockhorn.de\/wp-content\/uploads\/2015\/11\/11.jpg?resize=525%2C300 1.5x, https:\/\/i0.wp.com\/ffw-bockhorn.de\/wp-content\/uploads\/2015\/11\/11.jpg?resize=700%2C400 2x, https:\/\/i0.wp.com\/ffw-bockhorn.de\/wp-content\/uploads\/2015\/11\/11.jpg?resize=1050%2C600 3x"},"classes":[]}],"_links":{"self":[{"href":"https:\/\/ffw-bockhorn.de\/index.php?rest_route=\/wp\/v2\/pages\/52","targetHints":{"allow":["GET"]}}],"collection":[{"href":"https:\/\/ffw-bockhorn.de\/index.php?rest_route=\/wp\/v2\/pages"}],"about":[{"href":"https:\/\/ffw-bockhorn.de\/index.php?rest_route=\/wp\/v2\/types\/page"}],"author":[{"embeddable":true,"href":"https:\/\/ffw-bockhorn.de\/index.php?rest_route=\/wp\/v2\/users\/1"}],"replies":[{"embeddable":true,"href":"https:\/\/ffw-bockhorn.de\/index.php?rest_route=%2Fwp%2Fv2%2Fcomments&post=52"}],"version-history":[{"count":23,"href":"https:\/\/ffw-bockhorn.de\/index.php?rest_route=\/wp\/v2\/pages\/52\/revisions"}],"predecessor-version":[{"id":2182,"href":"https:\/\/ffw-bockhorn.de\/index.php?rest_route=\/wp\/v2\/pages\/52\/revisions\/2182"}],"wp:attachment":[{"href":"https:\/\/ffw-bockhorn.de\/index.php?rest_route=%2Fwp%2Fv2%2Fmedia&parent=52"}],"curies":[{"name":"wp","href":"https:\/\/api.w.org\/{rel}","templated":true}]}}

Dekon-E Anhänger (a.D.)

<p><img data-recalc-dims="1" loading="lazy" decoding="async" data-attachment-id="204" data-permalink="https://ffw-bockhorn.de/?attachment_id=204" data-orig-file="https://i0.wp.com/ffw-bockhorn.de/wp-content/uploads/2015/11/Dekon.jpg?fit=1028%2C671&amp;ssl=1" data-orig-size="1028,671" data-comments-opened="1" data-image-meta="{&quot;aperture&quot;:&quot;0&quot;,&quot;credit&quot;:&quot;&quot;,&quot;camera&quot;:&quot;&quot;,&quot;caption&quot;:&quot;&quot;,&quot;created_timestamp&quot;:&quot;0&quot;,&quot;copyright&quot;:&quot;&quot;,&quot;focal_length&quot;:&quot;0&quot;,&quot;iso&quot;:&quot;0&quot;,&quot;shutter_speed&quot;:&quot;0&quot;,&quot;title&quot;:&quot;&quot;,&quot;orientation&quot;:&quot;1&quot;}" data-image-title="Dekon" data-image-description="" data-image-caption="" data-large-file="https://i0.wp.com/ffw-bockhorn.de/wp-content/uploads/2015/11/Dekon.jpg?fit=840%2C548&amp;ssl=1" class="aligncenter size-full wp-image-204" src="https://i0.wp.com/ffw-bockhorn.de/wp-content/uploads/2015/11/Dekon.jpg?resize=840%2C548&#038;ssl=1" alt="Dekon" width="840" height="548" srcset="https://i0.wp.com/ffw-bockhorn.de/wp-content/uploads/2015/11/Dekon.jpg?w=1028&amp;ssl=1 1028w, https://i0.wp.com/ffw-bockhorn.de/wp-content/uploads/2015/11/Dekon.jpg?resize=300%2C196&amp;ssl=1 300w, https://i0.wp.com/ffw-bockhorn.de/wp-content/uploads/2015/11/Dekon.jpg?resize=1024%2C668&amp;ssl=1 1024w" sizes="auto, (max-width: 840px) 100vw, 840px" /></p>
<p><strong>Im Jahr 2003 fand der Dekon-Anhänger seinen Platz in Bockhorn, da von der damaligen Kreisbrandinspektion Bockhorn als Mittelpunkt des Lankreises Erding ermittelt wurde. Der Anhänger ist ein &#8222;Landkreis-Fahrzeug&#8220;.</strong></p>
<p><strong>Im August 2017 wurde der Anhängers durch das neue Bundes-Fahrzeug, den <a href="https://ffw-bockhorn.de/?page_id=2122">Dekon-P</a>, abgelöst. </strong></p>
<p><strong> </strong></p>
<h3><strong><span style="text-decoration: underline;">Besondere Ausstattung / Beladung:</span></strong></h3>
<ul>
<li>DEKON-Zelt</li>
<li>PE-Folie für DEKON-Platz (Grundfläche 20&#215;6 Meter) (Leiterwanne5x6 Meter)</li>
<li>Antirutschmatten</li>
<li>Verteiler (1xC auf 4xGEKA)</li>
<li>3 Schlauchleitungen (für Zelt, Bürste und Strahlrohr)</li>
<li>6 Dekontaminationsanzüge Kappler CPF 2</li>
<li>6 Paar Neoprenhandschuhe</li>
<li>6 Paar Handschuhadapter</li>
<li>Pressluftflasche + Füllschlauch</li>
<li>4 Atemschutzmasken N</li>
<li>4 Atemfilter ABEK Hg P3</li>
<li>5 Partikelfilter P3</li>
<li>5 Stauschutzmasken</li>
<li>10 Adapter für Überdruckmaske</li>
<li>4 Infektionssets „Vollschutz&#8220;</li>
<li>1 Übungsset</li>
<li>4 Infektionsanzüge Nufab</li>
<li>4 Paar Handschuhe Neopren</li>
<li>Nitril Handschuhe und  Klebeband</li>
<li>Papier- und Einmalhandtücher, Haushaltshandschuhe, Spülmittel</li>
<li>4 Paar Sicherheitsgummistiefel</li>
<li>Megaphone</li>
<li>3&#215;6 Liter Desinfektionsmittel</li>
<li>5 Gummiwannen</li>
<li>Absperrmaterial</li>
<li>14 Verkehrsleitkegel</li>
<li>Tauchpumpe</li>
<li>Diverse Müllsäcke (z.B. Normale, für CSA, etc.)</li>
<li>Probesortiment (Spachteln, messer, Proberöhrchen,…)</li>
<li>Gefahrgutaufkleber, Beständigkeitslisten</li>
</ul>
<p>&nbsp;</p>
<h4 style="text-align: center;"><span style="text-decoration: underline; color: #0000ff;"><a style="color: #0000ff; text-decoration: underline;" href="https://ffw-bockhorn.de/?page_id=65">Zurück zu &#8222;Fahrzeuge&#8220;</a></span></h4>

<p>Im Jahr 2003 fand der Dekon-Anhänger seinen Platz in Bockhorn, da von der damaligen Kreisbrandinspektion Bockhorn als Mittelpunkt des Lankreises Erding ermittelt wurde. Der Anhänger ist ein &#8222;Landkreis-Fahrzeug&#8220;. Im August</p>

Funkrufname: Florian Bockhorn 67/1 Im April 2017 wurde der Dekon-P als eines der letzten Fahrzeuge für Bayern, an den Landkreis Erding übergeben. Das Fahrzeug des Bundes ersetzt damit den Dekon-E-Anhänger des Landkreises Erding. Wie auch schon der Dekon-E, ist der Dekon-P bei der Feuerwehr Bockhorn untergestellt und wird durch alle…

Ähnlicher Beitrag

HLF 20 GW Dekon-P Mannschaftsbus LF 8/6 (a.D.) Dekon-E Anhänger (a.D.) Drehleiter (a.D.)

Die Geschichte der Feuerwehr Bockhorn ist bis 1875 zurückzuverfolgen. Im Jahre 1873 wurde durch das Kgl. Bezirksamt Erding die Errichtung einer Pflichtfeuerwehr angeordnet. Zum Feuerlöschbezirk Bockhorn gehörten Grünbach, Salmannskirchen und Eschlbach, die zur gegenseitigen Hilfe verpflichtet waren. Herangezogen wurden alle männlichen Ortsbewohner zwischen dem 18. und 50. Lebensjahr. Die Mannschaften bestanden aus Steigern, Spritzenmännern und…

Dieses Fahrzeug wurde im Jahr 2002 kurz vor der Fahnenweihe der Feuerwehr Bockhorn angeschafft. Die Ausstattung war jedoch bereits bei Anschaffung überholt. Die Mannschaft klagte über mangelnden Platz im Fahrzeug sowohl für Personal als auch für die Gerätschaften. Der niedrige Spritverbrauch würde zwar noch heute seines Gleichen suchen. Jedoch…

Funkrufname: Florian Bockhorn 42/1 Das Löschgruppenfahrzeug LF 8/6 wurde 1992 als Ersatz für den damaligen Opel Blitz angeschafft. Das bis dahin bestehende Fahrzeug war 35 Jahre im Einsatz und war den damaligen Anforderungen nicht mehr gerecht.   Technische Daten:   Besondere Ausstattung / Beladung: Feuerlöschkreiselpumpe ( Förderleistung: 800 l/min bei…
